{"id":3723,"date":"2024-10-10T01:59:39","date_gmt":"2024-10-09T23:59:39","guid":{"rendered":"https:\/\/dpps.rs\/new\/?post_type=team&#038;p=3723"},"modified":"2024-12-05T01:24:51","modified_gmt":"2024-12-05T00:24:51","slug":"dukanac-vesna","status":"publish","type":"team","link":"https:\/\/dpps.rs\/new\/clanovi\/dukanac-vesna\/","title":{"rendered":"Dukanac Vesna"},"content":{"rendered":"<h4>Prethodno obrazovanje:<\/h4>\n<p>1989, Doktor medicine, Medicinski fakultet Univerzitet u Beogradu<\/p>\n<p>1996, Magistar medicinskih nauka, oblast psihoterapija, Medicinski fakultet Univerzitet u Beogradu<\/p>\n<p>1997, Specijalista psihijatrije, Medicinski fakultet Univerzitet u Beogradu<\/p>\n<p>2010, Subspecijalista psihoterapije, Medicinski fakultet Univerzitet u Beogradu<\/p>\n<p>2009, Doktor defektolo\u0161kih nauka, oblast prevencija poreme\u0107aja pona\u0161anja, Fakultet za specijalnu edukaciju i rehabilitaciju (FASPER ) Univerzitet u Beogradu<\/p>\n<h4>Profesionalno iskustvo:<\/h4>\n<p>1992-1997. godine radila na Klinici za psihijatriju KCS ( u okviru specjalisti\u010dkog sta\u017ea)<\/p>\n<p>1998. \u2013 i dalje radi u Institutu za mentalno zdravlje Beograd:\u00a0 radila u Dispnazeru za mentalno zdravlje dece i adolescenata, od 2006. jedan je od osniva\u010da Dnevne bolnice za adolescente u kojoj je I radila, od 2018. \u0161ef je Dnevne bolnice za neuroti\u010dne poreme\u0107aje i poreme\u0107aje li\u010dnosti.<\/p>\n<p>2014. godine stekla je Sertifikat za psihoterapija u okviru Saveza psihoteraapeuta Srbije.<\/p>\n<p>2016. godine Ministarstvo zdravlja RS, a po predlogu predsedni\u0161tva Srpskog lekarskog dru\u0161tva, dodeljuje joj\u00a0 zvanje\u00a0 PRIMARIJUSA.<\/p>\n<p>2016. godine odlukom Ministarstva prosvete, nauke i tehnolo\u0161kog razvoja, promovisana je u nau\u010dno zvanje \u2013 Nau\u010dni saradnik, u oblasti defektolo[kih\u00a0 nauka \u2013 FASPER BU.<\/p>\n<p>2000. \u2013 i dalje \u010dlan je Srpskog lekarskog dru\u0161tva &#8211; SLD ( psihijatrijske ( od 2000. godine)\u00a0 i psihoterapijske sekcije SLD-a ( od 2005. godine)).<\/p>\n<p>2006. \u2013 i dalje \u010dlan je DEAPS-a ( Dru\u0161tva za de\u010diju i adolescentnu psihijatriju\u00a0 Srbijer).<\/p>\n<p>2005. \u2013 i dalje \u010dlan je DPPS-a ( Dru\u0161tva za psihoanaliti\u010dku psihoterapija Srbije) i obavljala je funkcije \u010dlana Predsedni\u0161tva DPPS-a, blagajnika, generalnog sekretara i podpredsednika Dru\u0161tav u period od 2009-2017- godine.<\/p>\n<p>2014-2018. bila je\u00a0 delegat Srbije pri Evropskoj federaciji za psihoanaliti\u010dku psihoterapiju (EFPP).<\/p>\n<p>2010. \u2013 i dalje \u010dlan je Upravnog odbora I jedna od osniva\u010da UPPPS-a ( Udru\u017eenja za psihoanaliti\u010dku psihoterapija parova i porodica Srbije).<\/p>\n<p>2013. godine ima status Edukataro DPPS-a.<\/p>\n<p>2007- 2013. Zavr\u0161ila je edukaciju iz grupne analize i pridru\u017eeni je \u010dlan DGAB ( Dru\u0161tva grupnih analiti\u010dara Beograda).<\/p>\n<p>2009. zavr\u0161ila je edukaciju za edukatore asertivnog treninga pri Institutu Psihopolis u Novom Sadu.<\/p>\n<p>2017. godine stekla je zvanje Docenta, predaje na Visokoj \u0161koli socijlanog rada u Beogradu.<\/p>\n<p>2018. godine izabrana je za \u0161efa Kateddre za socijalni rad na Visokoj \u0161koli socijlanog rada u Beogradu<\/p>\n<p>2008. godine u\u010destvola je u relaizaciji nau\u010dnog projekta \u201cUNapre\u0111enje zdravlja posebnih grupa stanovni\u0161tva ( 1802-08) Predmet 05 \u201cPrevencija samoubistva I nasilja kod mladih\u201d<\/p>\n<p>2019. u\u010destvuje u realizaciji projekta koji organizuje IOM (Me\u0111unarodna organizacija za migracije \u2013 Ujedinjene nacije) i V\u0160S Beograd \u201cMI I ONI smo za JEDNO\u201d<\/p>\n<p>U toku svog profesionalnog rada objavila je 67, od \u010dega je publikovano 23 radova u dom\u0107im i me\u0111unarodnim \u010dasopisima od \u010dega je 4 rada objevljeno u \u010dasopisima koji se nalaze na SCI listi.<\/p>\n","protected":false},"author":1,"featured_media":3590,"menu_order":52,"template":"","team_designation":[63],"team_department":[64],"class_list":["post-3723","team","type-team","status-publish","has-post-thumbnail","hentry","team_designation-psihoanaliticki-psihoterapeut","team_department-redovni-clan"],"_links":{"self":[{"href":"https:\/\/dpps.rs\/new\/wp-json\/wp\/v2\/team\/3723","targetHints":{"allow":["GET"]}}],"collection":[{"href":"https:\/\/dpps.rs\/new\/wp-json\/wp\/v2\/team"}],"about":[{"href":"https:\/\/dpps.rs\/new\/wp-json\/wp\/v2\/types\/team"}],"author":[{"embeddable":true,"href":"https:\/\/dpps.rs\/new\/wp-json\/wp\/v2\/users\/1"}],"version-history":[{"count":1,"href":"https:\/\/dpps.rs\/new\/wp-json\/wp\/v2\/team\/3723\/revisions"}],"predecessor-version":[{"id":5047,"href":"https:\/\/dpps.rs\/new\/wp-json\/wp\/v2\/team\/3723\/revisions\/5047"}],"wp:featuredmedia":[{"embeddable":true,"href":"https:\/\/dpps.rs\/new\/wp-json\/wp\/v2\/media\/3590"}],"wp:attachment":[{"href":"https:\/\/dpps.rs\/new\/wp-json\/wp\/v2\/media?parent=3723"}],"wp:term":[{"taxonomy":"team_designation","embeddable":true,"href":"https:\/\/dpps.rs\/new\/wp-json\/wp\/v2\/team_designation?post=3723"},{"taxonomy":"team_department","embeddable":true,"href":"https:\/\/dpps.rs\/new\/wp-json\/wp\/v2\/team_department?post=3723"}],"curies":[{"name":"wp","href":"https:\/\/api.w.org\/{rel}","templated":true}]}}

<h4>Prethodno obrazovanje:</h4>
<p>1989, Doktor medicine, Medicinski fakultet Univerzitet u Beogradu</p>
<p>1996, Magistar medicinskih nauka, oblast psihoterapija, Medicinski fakultet Univerzitet u Beogradu</p>
<p>1997, Specijalista psihijatrije, Medicinski fakultet Univerzitet u Beogradu</p>
<p>2010, Subspecijalista psihoterapije, Medicinski fakultet Univerzitet u Beogradu</p>
<p>2009, Doktor defektoloških nauka, oblast prevencija poremećaja ponašanja, Fakultet za specijalnu edukaciju i rehabilitaciju (FASPER ) Univerzitet u Beogradu</p>
<h4>Profesionalno iskustvo:</h4>
<p>1992-1997. godine radila na Klinici za psihijatriju KCS ( u okviru specjalističkog staža)</p>
<p>1998. – i dalje radi u Institutu za mentalno zdravlje Beograd:  radila u Dispnazeru za mentalno zdravlje dece i adolescenata, od 2006. jedan je od osnivača Dnevne bolnice za adolescente u kojoj je I radila, od 2018. šef je Dnevne bolnice za neurotične poremećaje i poremećaje ličnosti.</p>
<p>2014. godine stekla je Sertifikat za psihoterapija u okviru Saveza psihoteraapeuta Srbije.</p>
<p>2016. godine Ministarstvo zdravlja RS, a po predlogu predsedništva Srpskog lekarskog društva, dodeljuje joj  zvanje  PRIMARIJUSA.</p>
<p>2016. godine odlukom Ministarstva prosvete, nauke i tehnološkog razvoja, promovisana je u naučno zvanje – Naučni saradnik, u oblasti defektolo[kih  nauka – FASPER BU.</p>
<p>2000. – i dalje član je Srpskog lekarskog društva &#8211; SLD ( psihijatrijske ( od 2000. godine)  i psihoterapijske sekcije SLD-a ( od 2005. godine)).</p>
<p>2006. – i dalje član je DEAPS-a ( Društva za dečiju i adolescentnu psihijatriju  Srbijer).</p>
<p>2005. – i dalje član je DPPS-a ( Društva za psihoanalitičku psihoterapija Srbije) i obavljala je funkcije člana Predsedništva DPPS-a, blagajnika, generalnog sekretara i podpredsednika Društav u period od 2009-2017- godine.</p>
<p>2014-2018. bila je  delegat Srbije pri Evropskoj federaciji za psihoanalitičku psihoterapiju (EFPP).</p>
<p>2010. – i dalje član je Upravnog odbora I jedna od osnivača UPPPS-a ( Udruženja za psihoanalitičku psihoterapija parova i porodica Srbije).</p>
<p>2013. godine ima status Edukataro DPPS-a.</p>
<p>2007- 2013. Završila je edukaciju iz grupne analize i pridruženi je član DGAB ( Društva grupnih analitičara Beograda).</p>
<p>2009. završila je edukaciju za edukatore asertivnog treninga pri Institutu Psihopolis u Novom Sadu.</p>
<p>2017. godine stekla je zvanje Docenta, predaje na Visokoj školi socijlanog rada u Beogradu.</p>
<p>2018. godine izabrana je za šefa Kateddre za socijalni rad na Visokoj školi socijlanog rada u Beogradu</p>
<p>2008. godine učestvola je u relaizaciji naučnog projekta “UNapređenje zdravlja posebnih grupa stanovništva ( 1802-08) Predmet 05 “Prevencija samoubistva I nasilja kod mladih”</p>
<p>2019. učestvuje u realizaciji projekta koji organizuje IOM (Međunarodna organizacija za migracije – Ujedinjene nacije) i VŠS Beograd “MI I ONI smo za JEDNO”</p>
<p>U toku svog profesionalnog rada objavila je 67, od čega je publikovano 23 radova u domćim i međunarodnim časopisima od čega je 4 rada objevljeno u časopisima koji se nalaze na SCI listi.</p>
